f - 6. Suppose d = -4*d + 10. Suppose d*s = -3*s - 30. Determine c(s).
6
Suppose 0 = 4*v + 2*q - 2, v + 2*q = q. Let k(g) = -10*g - 1. Calculate k(v).
-11
Let r(h) = 1. Let o(l) = -l**3 + 7*l**2 - 5*l - 7. Let b(k) = o(k) + 3*r(k). Calculate b(6).
2
Let b(j) = 2 + 6*j**2 - 8*j + 0*j**3 + j**3 + 0*j + 8. Calculate b(-7).
17
Let g(j) = -j**2 + 5*j + 2. Let p be -4*6/(-16)*(-32)/(-12). Calculate g(p).
6
Let n(h) be the third derivative of -2*h**2 + 1/360*h**6 + 0*h + 1/4*h**4 + 1/3*h**3 + 1/30*h**5 + 0. Let p(b) be the first derivative of n(b). What is p(-5)?
11
Suppose -2*z = 5*l + 12, -4*z + 5*l = 3*l. Let u be z + 2 + (-5 - -24). Suppose 2*m = -3*m + 2*o + 17, 0 = 5*o - u. Let j(q) = q**2 - 6*q + 3. What is j(m)?
-2
Let d(s) = 2*s**2 - 2*s + 1. Let k be d(2). Let a be (-1 + (-3)/(-15))*k. Let l(z) = z**2 + 4*z + 6. What is l(a)?
6
Let c(o) be the third derivative of 1/6*o**3 + 0*o + 0 + 8*o**2 + 1/12*o**4. What is c(-1)?
-1
Suppose -2*p + 5*u = 3, p = -u - 4*u + 21. Let s(y) = -y**3 - 6*y + 3*y - p*y**2 + 3*y**2. Let a = 215 + -217. What is s(a)?
2
Let j(q) be the third derivative of q**5/60 - 7*q**4/24 + 2*q**3/3 - 19*q**2 + 2. Give j(6).
-2
Let l be (-4)/(-10)*(-1 - 4). Let d(p) be the first derivative of -3/2*p**2 + 2*p - 1. Give d(l).
8
Let a(p) = 5*p**3 - 2*p**2 - p. Let r(h) = 3*h - 3*h + h**3. Let t(x) = a(x) - 4*r(x). Let b(q) = 3*q**2 - 1. Let u be b(-1). Determine t(u).
-2
Let y(q) = q**2 + 7*q + 6. Let b be y(-6). Let g(z) = 3*z - z + b*z - 6*z - z**2 - 2. Determine g(-4).
-2
Let h(z) = -z**2 + 3*z + 1. Let s be (3 - 0)*(-8)/6. Let a be (-3)/(((-8)/6)/s). Let b = -5 - a. Calculate h(b).
-3
Let b(r) = 24*r - 2 + 1 - 14*r - 8*r. Give b(4).
7
Let b(q) be the first derivative of -q**4/4 - 4*q**3/3 - 2*q**2 - 3*q + 2. Let z be b(-2). Let u(w) = 1 + 0*w + w - 4. Determine u(z).
-6
Let d(y) = 54*y + y**3 - 3 - 56*y + 2 + y**2. What is d(-3)?
-13
Let f(k) = k**2 - 6*k + 6. Suppose 5*i + 4 = 4*p, 0 = -3*i + p - 5*p + 4. Suppose h - 1 = i, y + y = -3*h + 13. Give f(y).
1
Let z(i) = 3 - 2*i**2 + 2 - 2 + 5*i. Let m = 2 - -2. Determine z(m).
-9
Suppose -2*n - 3 = 1. Let p(d) = 2*d + 1. Let f be p(n). Let q(h) = 3*h + 3 + 4*h**2 + 2*h + h - 3*h**2. Determine q(f).
-6
Let g(a) = a**2 + 7*a - 3. Suppose -5*y + 16 = -3*u, -3*u - 5*y = 12 + 14. Give g(u).
-3
Suppose 0 = 4*p - 7*p + 9. Let y = 22 + -13. Let f(k) = 13*k - 13. Let t(z) = 3*z - 3. Let s(c) = y*t(c) - 2*f(c). What is s(p)?
2
Let h(l) = l**3 - l**2 - l + 3. Let f be h(0). Let v be (0 + (-3)/(-3))*f. Suppose -1 = -v*o - 4. Let c(u) = -2*u - 1. What is c(o)?
1
Suppose t = -4*t - 25. Let h(j) = 0*j + 5*j - 1 - 8 + 6*j**2 + j**3 + 4. Calculate h(t).
-5
Let w(i) be the third derivative of -i**6/120 + i**5/20 + i**4/12 + 2*i**2. Let u be (-3)/6*-8 + -1. Determine w(u).
6
Let g be (-2)/9 - (3 + 11/(-9)). Let t(b) = -3*b**3 - b**2 - b - 2. What is t(g)?
20
Let i(z) = 9*z - 1. Let o = -10 + 9. Calculate i(o).
-10
Let g(k) = 2*k - 1. Let n(p) = -11*p + 3. Let v(b) = 6*g(b) + 2*n(b). Determine v(-2).
20
Let a(h) = h - 17. Let c be a(17). Let z(f) = f**3 + f**2 + f - 2. What is z(c)?
-2
Let k(m) = m + 3. Let j be 1 + -5 + 2 - -3. Suppose 12 = 5*w - 2*t - 0, 24 = 5*w + t. Let g be 0/((j - 3) + w). Determine k(g).
3
Suppose -5*p - 37 = -2*v, -5*p = -5*v - 0*v + 55. Let l(w) = -w + 3. Give l(v).
-3
Let j(b) = -4*b**2 + 4*b - 9. Let o(p) = 5*p**2 - 5*p + 10. Let u(y) = -4*j(y) - 3*o(y). Give u(0).
6
Let d(b) = -b**2 + 6*b + 1. Let k(x) = x**2 - 7*x + 11. Let g be k(6). Give d(g).
6
Let a(h) be the third derivative of -h**6/120 - h**5/12 - 5*h**4/24 - 2*h**2. Suppose -5*m = 5*q + 30, -6*q = m - 2*q + 12. Determine a(m).
4
Let h = 12 - 13. Let b(w) be the first derivative of -5*w**3/6 - w**2/2 + w - 2. Let a(q) be the first derivative of b(q). Calculate a(h).
4
Let m(q) = -q**3 + 5*q**2 + 2. Let a be m(5). Suppose 8 = 6*n - a*n. Let z(s) = -s**3 + s - 1. Determine z(n).
-7
Let h(b) = 16*b - 1 + b**2 + 0 - 15*b. Suppose 5*r + 10 = 6*r. Suppose -4*x - 2 = -r. Determine h(x).
5
Let w(z) = 5*z - 7 - 4*z - 3*z. Give w(-6).
5
Let u(i) = -2*i - 3. Let v be 4/(-6)*(-6 + 0). What is u(v)?
-11
Let c be -1 + 2 + (-1 - -1). Let p(k) = 0 - 2 + 3*k + 2 + c. Calculate p(2).
7
Let v(m) be the first derivative of -m**2/2 + 3*m + 1. Give v(3).
0
Let s be ((-2)/6)/(6/72). Let y(d) = d**3 + 4*d**2 - 5. What is y(s)?
-5
Let y(f) be the first derivative of f**3/3 + 3*f**2 + 7*f + 4. What is y(-6)?
7
Let i be (6/(-10))/(6/(-30)). Suppose 4*c + i = -0*c - p, -15 = -5*c - 5*p. Let n(g) = g**3 + 2*g**2. Determine n(c).
0
Suppose -16*q - 9 + 57 = 0. Let p(h) = -7*h**3 - 3*h**2 + 4*h + 6. Let n(s) = -s**3 - s**2 + s + 1. Let o(t) = -6*n(t) + p(t). Determine o(q).
-6
Let i(f) = -4*f - 10. Let o(z) = 7*z + 19. Let b(l) = -5*i(l) - 3*o(l). Give b(-5).
-2
Let p(l) = l**3 - 2*l**2 - 3*l. Let w be p(3). Let a(f) = 2 + f + 0 + w*f + 4*f**2 - 3. Suppose -2*j + 4*j = 2. Calculate a(j).
4
Let d(k) = -5*k**2. Let p = -3 + 0. Let o be 4/p + (-6)/9. Let y be (o - -2)/(-2) - 1. Determine d(y).
-5
Suppose -2*w - 5*j + 2 = -12, 0 = 5*w - 5*j. Let b(t) = -1 - t**w + 10 - 3 - t. What is b(0)?
6
Suppose 5*a + k = 38, 0*a + a = -k + 10. Let r = a + -4. Let y(h) = h**3 - r*h + 2*h + h**3 + 4*h**3. What is y(1)?
5
Let b(n) be the third derivative of n**6/120 - n**5/60 + n**4/24 - 11*n**3/6 + 7*n**2 - 2*n. Let y(z) = -z**2 + 3*z. Let p be y(3). What is b(p)?
-11
Let z(u) = u**2. Let i = 0 - -1. What is z(i)?
1
Let d(q) be the second derivative of q**4/24 - q**3/2 - 5*q**2/2 - 3*q. Let y(o) be the first derivative of d(o). Give y(4).
1
Let o be (5 - 2)/((-6)/(-16)). Suppose -o = -h + 6. Let x be (-4)/h + (-32)/(-14). Let r(d) = -2*d + 3. Determine r(x).
-1
Let l(i) = -3*i - 1 - 2 + i**2 - 2. Let a be (-2)/(-9) + 828/(-81). Let v = a - -14. Calculate l(v).
-1
Let i(u) = -2*u**3 + 3*u**2 - u - 1. Suppose -27 + 21 = -2*x. Suppose -4*b = 5*l - 3, 4*l = b + 3*l - x. What is i(b)?
-7
Let p(b) be the first derivative of b**3/6 + b**2/2 - 2*b + 3. Let g(k) be the first derivative of p(k). Give g(2).
3
Suppose 4*g + 0 = -2*c + 26, 5*g - 4*c = 13. Let i(d) = d**3 - 7*d**2 + 7*d + 2. Determine i(g).
-13
Let r(c) = 4*c**2 - c - 2. Let v(a) = 5*a**2 - a - 3. Let d(l) = 4*r(l) - 3*v(l). Determine d(1).
1
Let z(b) be the second derivative of b**4/12 - b**3/3 - 3*b**2/2 - b - 4. Calculate z(-2).
5
Suppose 11 + 9 = -4*x. Let u be (-4)/(-10) - (-2)/x. Let g(m) = -m**3 - m**2 + u*m**3 - 2 + 1 - 2*m + 6*m**2. Determine g(3).
11
Let f(b) be the second derivative of b**5/20 - b**4/4 - b**3/6 - 2*b**2 + 6*b. Give f(4).
8
Let t(l) = -l + 9. Let b(g) = g - 10. Let w(o) = -5*b(o) - 6*t(o). Suppose -4*s + 16 = -8. Suppose 4*m - 2*a + 6 = -s, -3*m - 2 = -5*a. Determine w(m).
-8
Let p = -3 + 7. Let t(h) = -p + 1 + h - 2. Calculate t(-6).
-11
Let m(t) be the second derivative of t**3 - 3*t**2/2 + 14*t. Determine m(2).
9
Suppose 0*n = -n - 2. Let g(x) = x**3 + 2*x**2 - 2*x - 2. Let j be g(n). Let q be 38/(-8) + j/(-8). Let o(a) = 2*a + 5. What is o(q)?
-5
Let k(l) = -5*l**3 - 19*l**2 - 14*l + 9. Let u(r) = -2 + 4*r**2 + r + r + r**3 + r. Let x(d) = 2*k(d) + 11*u(d). Calculate x(-5).
-4
Suppose -3*m - 4*f - 4 = 0, 5*m - 4 = 2*m + 4*f. Let j(w) = w**2 + w - 11. Calculate j(m).
-11
Let y(s) = 5163*s**3 - 5162*s**3 + 3*s**2 - 3 - 5*s + 3 + 1. What is y(-4)?
5
Let x(v) = v**3 - 2*v**2 - 2. Suppose -3*l + 10 = -l. Let s = -2 + l. Let q = 5 - s. Determine x(q).
-2
Let g = 12 - 9. Let p(d) = 3*d**3 + 5*d**2 + 2*d - 1. Let u(l) = -3*l**2 - 2*l**2 - 4*l**3 - 3*l + 0*l**2. Let y(r) = g*p(r) + 2*u(r). What is y(-5)?
-3
Let g(d) be the first derivative of 2*d**3/3 - d**2/2 - d + 16. Determine g(-2).
9
Let w(a) = -a**3 + 2*a**2 - 3*a - 1. Let v(c) = -5*c**3 + 9*c**2 - 13*c - 5. Let o = 5 + -7. Let h(f) = o*v(f) + 9*w(f). Calculate h(1).
1
Suppose q = -0*q. Let f = q + 2. Let n(l) = -7*l + 3. Let d(k) = 11*k - 5. Let s(w) = -5*d(w) - 8*n(w). What is s(f)?
3
Let x(m) = -m**3 - 5*m**2 + 5*m - 3. Let n = -59 + 53. Give x(n).
3
Suppose 6*z - 3*z - 3 = l, -2*l - 6 = 5*z. Let b(a) = -a + 6. Let w(s) = 1. Let v(q) = b(q) - 3*w(q). What is v(z)?
3
Let j(u) be the third derivative of u**5/60 + 5*u**4/24 + 2*u**3/3 + u**2. Let m = -5 - 0. What is j(m)?
4
Let x(q) = q**2 + 5*q - 7. Suppose 0 = -k + 5*k - 8. L